12
Suppose 4*i = -m - 0*i + 428, -3*m - 5*i = -1256. Calculate the remainder when m is divided by 11.
5
Let p(j) = j + 31. Suppose -2*u + a + 66 = 0, 0*u - u + 19 = -4*a. Let t = -27 + u. What is the remainder when p(0) is divided by t?
7
Suppose -4*u = z - 424, -5*u - z - 4*z = -515. Let x = 848 + -826. What is the remainder when u is divided by x?
19
Let n(w) = 3*w**2 - w - 4. Suppose -3*m = -4*m - 2. Calculate the remainder when n(m) is divided by 58/261 + (-32)/(-18).
0
Let b = -24781 - -24873. Calculate the remainder when b is divided by 4.
0
What is the remainder when 1935 is divided by 3*3/(-6)*7664/(-12)?
19
Let s(t) = t**3 + t**2 + 35. Suppose 3242 = -15*m + 36*m + 365. Calculate the remainder when m is divided by s(0).
32
Let j = -35 - -61. Suppose 416*l - 32895 = -229*l. What is the remainder when l is divided by j?
25
What is the remainder when 6/(132/958) - (-15 + (-1 - (-546)/33)) is divided by 1/(2/(-46))*-1?
20
Let p(h) = 23*h - 5. Suppose -4*k + 203 = 5*b, 36*b - 37*b + 85 = 2*k. What is the remainder when p(5) is divided by k?
36
Let u = 2651 - 2553. Calculate the remainder when u is divided by 77.
21
Let t(p) = 3*p**3 - 58*p**2 - 76*p + 59. Calculate the remainder when t(21) is divided by 16.
12
Suppose -g + 6*g - 135 = 0. What is the remainder when 390/(-4)*(-36)/g is divided by 12?
10
Let q(z) = 3*z**2 + 11*z + 4. Let o be q(-4). What is the remainder when (44/20 + 1)/(o/140) is divided by 5?
1
Let x(a) = -75*a**3. Let v(u) = -56*u + 4682. What is the remainder when v(81) is divided by x(-1)?
71
What is the remainder when 1651 is divided by 387/36 + 10/8*1?
7
Let a = 21 - -16. Calculate the remainder when (109/2)/((-5)/(-10)) is divided by a.
35
Suppose 45*x - 3148 = -2068. Let t be -1*2 + 1 - -5. Suppose -a + 355 = t*a. Calculate the remainder when a is divided by x.
23
Let u(w) = w**2 + 7*w - 2. Let z be u(-7). Let m(n) = 2 + 8*n**2 - 5*n**2 + 4*n**2 + 1 + 4*n. Calculate the remainder when m(z) is divided by 7.
2
Suppose 289 = n + 101. Let y be (2 - 1) + (2 - (2 - 555)). Suppose 12*k = y + n. What is the remainder when k is divided by 21?
20
Let c = 154 + -66. Suppose m = -k, 3*k = 5*m - 3*m + 20. Suppose -3*v + 56 = -2*d + k, d - 1 = 0. What is the remainder when c is divided by v?
16
Suppose -1095778 = -179*x + 1028057. Calculate the remainder when x is divided by 12.
9
Suppose 4*b + 5*n = 144, 10*b = 7*b - 3*n + 105. What is the remainder when 333 is divided by b?
23
Calculate the remainder when 513 is divided by 10*((-30)/18)/((-40)/24).
3
Let y(f) = -29*f - 2. Let a be (1 - 0) + 55/(-11). Let m be y(a). Suppose -5*n + m = n. What is the remainder when n is divided by 12?
7
Suppose 339*a - 471*a + 1627 = -2861. Let n(v) = 7*v - 3. Calculate the remainder when a is divided by n(3).
16
Let m(u) = -297*u + 5995. Let b(k) = -2*k**3 - k**2 - 7. What is the remainder when b(-5) is divided by m(20)?
53
Suppose 9*p - 7*p = 0. Suppose 4*f - 4*z = 16, p = -3*f - 0*z + z + 12. Suppose 0*g - f*g = -512. What is the remainder when g is divided by 26?
24
Suppose -80 = 4*f + 184. Let t be 6/15 - f/(-15). Calculate the remainder when (-2 - t) + -3 + 11 is divided by 6.
4
Suppose 11*k = 14 + 129. What is the remainder when ((-6)/(-2))/((312/664)/k) is divided by 33?
17
Let f(n) = 5*n**2 + 2. Let z(w) = 4*w - 21. Let h(c) = 4*c - 22. Let x(y) = 6*h(y) - 7*z(y). Let u be x(4). Calculate the remainder when 13 is divided by f(u).
6
Suppose 0*z - 4*z - 7 = d, 27 = 4*d + 5*z. Let v be -4 - 2*28/(-8). What is the remainder when (v/1)/(27/342) is divided by d?
12
Suppose -849*s = -857*s + 2864. What is the remainder when s is divided by 20?
18
Let i(b) = 66*b - 2527. Calculate the remainder when i(42) is divided by 119.
7
Suppose 201*q = 226*q - 2575. Let k = -36 + 54. Calculate the remainder when q is divided by k.
13
Suppose -11 = 3*x - 4*x - 3*y, 6*y - 26 = 2*x. Let w = 20 - x. Calculate the remainder when 30 is divided by w.
9
Let n = 4790 + -4676. What is the remainder when 202 is divided by n?
88
Let r(l) = l**2 - l + 16. Suppose -5*j + 0 = y - 1, -2*j - 3*y + 3 = 0. What is the remainder when j - 2 - (-70 - 24) is divided by r(0)?
12
Suppose -765 = 38*k - 83*k. Calculate the remainder when 181 is divided by k.
11
What is the remainder when (-12)/(-42) + -10 + 147984/84 is divided by 20?
12
What is the remainder when (-252)/(-90)*(-3 + 1013) is divided by 932?
32
What is the remainder when 179516/14 - 642/(-1498) is divided by 11?
8
Let s(c) = -c**2 + 18*c - 20. Let i be s(17). Let h be ((-9)/i + -5)*-58. Suppose 7*x - h + 32 = 0. What is the remainder when 82 is divided by x?
10
Let b(m) = m - 69 + 98 - 12*m - 14*m. What is the remainder when b(-4) is divided by 22?
19
Suppose -6*n + 412 = -452. Let o be 2 + (215/(-5) - 3). Let y = 73 + o. Calculate the remainder when n is divided by y.
28
Suppose -1 = 6*t - 1. Suppose -12*c + 179 + 121 = t. Calculate the remainder when 93 is divided by c.
18
Let i(o) = -o**3 - 12*o**2 - 18*o - 55. Suppose 69*c = 72*c + 33. What is the remainder when 101 is divided by i(c)?
13
Let p be (2/5)/(4/120*3). Suppose 4*x - 90 = -p*l + 214, 3*l - 216 = x. Let u(r) = r**3 - 19*r**2 + 20*r - 17. What is the remainder when l is divided by u(18)?
16
Let t(l) = 18*l**3 - 3*l**2 - 37. Calculate the remainder when t(5) is divided by 102.
98
Let k(u) = -2*u**3 + 18*u**2 + 5*u - 29. Suppose -11*h + 128 = 5*h. What is the remainder when k(h) is divided by 25?
14
Suppose 3 = f - 3*w, 7*f - 2*f + 2*w = -2. Suppose f = -46*s + 47*s - 17. What is the remainder when 82 is divided by s?
14
Suppose 3*o = 3*k + 3696, o = -o - 5*k + 2436. Suppose 344 = 6*a - o. Let z = 541 - a. What is the remainder when z is divided by 56?
55
Suppose -844*l + 184*l = 120*l - 8580. Suppose -3*d + 6*d - 255 = 0. What is the remainder when d is divided by l?
8
Let v(y) = y**2 - 16*y - 158. Let r be v(-7). Suppose 315 = -r*d + 24*d. What is the remainder when 65 is divided by d?
5
Let r(m) = 3*m**2 + 3*m - 9. Let z = -837 - -900. What is the remainder when r(6) is divided by z?
54
Let l(m) = -2*m**3 - 17*m**2 - 2*m + 9. Suppose -r + 5*y = 3*y - 4, -3*r + 2*y + 24 = 0. Calculate the remainder when l(-9) is divided by r.
8
Let b = 53 + -49. Suppose 5*m - 4*k = 96, m + 5*k + b = -0*k. What is the remainder when 76 is divided by m?
12
Let t(b) = 3*b**3 + 2*b - 2. Calculate the remainder when ((-114905)/(-1029))/(10/(-6) + 2) is divided by t(2).
23
Suppose -2*c - 4*k + 28 = 2*c, -3*k = -2*c - 1. Suppose i + c*i = -50. Let d = i + 28. What is the remainder when 69 is divided by d?
15
Let l(j) = 58*j + 1. Suppose 0 = -0*d + d - 1. Suppose 3*r - 54 = -3*i, i = 88*r - 86*r - 45. What is the remainder when l(d) is divided by r?
17
Let o = 78 + -17. Suppose -o = -7*c + 65. Let l = 35 - c. Calculate the remainder when 116 is divided by l.
14
Suppose 2*q - 5*s - 68 = 39, -s - 87 = -2*q. Let v = 33 - 20. Let n = v + -7. Calculate the remainder when q is divided by n.
5
Let q be -10 + 5 - (10 - 0). Let a be 4/(-6) + (-182)/6. Let f = q - a. Calculate the remainder when 43 is divided by f.
11
Let z(f) = -f - 39. Let o be z(-39). Suppose -41*m + 378 + 196 = o. What is the remainder when 42 is divided by m?
0
Let o(p) = 8*p - 13. Calculate the remainder when o(12) is divided by (1 - 2)/(164/(-16) + 10).
3
Let k(n) = -2*n**2 - 15*n - 25. Let t(h) = 2*h - 1. Let j(u) = -k(u) + 4*t(u). What is the remainder when j(-11) is divided by 9?
1
Suppose 4*h - 4*p = 88, 0*h + h = -3*p + 22. Calculate the remainder when 659 is divided by h.
21
Calculate the remainder when 433 is divided by (65/(-10) - -7)*424.
9
Suppose 0 = 3*l + 3, -2*d - 4*l + 3*l = -17. Suppose j - 4*r = 23, 2*j + d*r - 7 = 4*r. What is the remainder when 129 is divided by j?
8
Suppose 810*c - 320 = 802*c. Suppose -4*t = u + c - 268, 421 = 2*u + t. Calculate the remainder when u is divided by 36.
28
Let l be (-2)/(-19) - 169/(-19). What is the remainder when 96 is divided by (-2)/4*(l - 11)*25?
21
Suppose 32*l - 3185 = -6*l + 3*l. Calculate the remainder when 1755 is divided by l.
26
Suppose 7*b - 3161 = 2733. Let h = b - 825. What is the remainder when 66 is divided by h?
15
Let r(z) = -9*z**3 + 22*z**2 + 99*z + 34. What is the remainder when r(-11) is divided by 43?
41
Let s(f) = 1090*f - 5419. Suppos